24 is divided by 295.
74
Calculate the remainder when 464326 is divided by 232117.
92
Calculate the remainder when 10930173 is divided by 3850.
23
What is the remainder when 69046 is divided by 687?
346
Calculate the remainder when 20987 is divided by 1777.
1440
Calculate the remainder when 5896950 is divided by 26683.
7
What is the remainder when 9285901 is divided by 19?
12
Calculate the remainder when 119933 is divided by 23919.
338
What is the remainder when 534497 is divided by 177922?
731
Calculate the remainder when 113299 is divided by 85.
79
Calculate the remainder when 19390 is divided by 863.
404
What is the remainder when 9158896 is divided by 99553?
20
Calculate the remainder when 185555 is divided by 10291.
317
What is the remainder when 57523 is divided by 18911?
790
What is the remainder when 5190678 is divided by 21?
3
Calculate the remainder when 147277 is divided by 49039.
160
Calculate the remainder when 3568467 is divided by 199.
198
What is the remainder when 220498 is divided by 13?
5
Calculate the remainder when 6299851 is divided by 3149914.
23
Calculate the remainder when 1410375 is divided by 132.
87
Calculate the remainder when 1570104 is divided by 673.
668
What is the remainder when 3302172 is divided by 190?
162
Calculate the remainder when 3248735 is divided by 743.
339
Calculate the remainder when 994538 is divided by 551.
534
What is the remainder when 97138 is divided by 6882?
790
Calculate the remainder when 11432985 is divided by 213.
210
What is the remainder when 178183 is divided by 1312?
1063
What is the remainder when 926459 is divided by 102937?
26
What is the remainder when 382589 is divided by 1628?
9
Calculate the remainder when 1665900 is divided by 22512.
12
What is the remainder when 32161349 is divided by 389?
385
Calculate the remainder when 199166 is divided by 7316.
1634
What is the remainder when 158065 is divided by 158006?
59
What is the remainder when 1265623 is divided by 7232?
23
Calculate the remainder when 151455 is divided by 28200.
10455
Calculate the remainder when 299198 is divided by 794.
654
Calculate the remainder when 12671524 is divided by 83.
80
Calculate the remainder when 3793541 is divided by 1893.
1862
What is the remainder when 181842687 is divided by 16?
15
Calculate the remainder when 888885 is divided by 98590.
1575
Calculate the remainder when 2481818 is divided by 115.
3
What is the remainder when 6654952 is divided by 5807?
130
What is the remainder when 332786869 is divided by 1533580?
9
Calculate the remainder when 1610704 is divided by 738.
388
Calculate the remainder when 55589 is divided by 6815.
1069
Calculate the remainder when 368056 is divided by 6138.
5914
What is the remainder when 189690129 is divided by 341?
13
What is the remainder when 52262 is divided by 17327?
281
What is the remainder when 1019829 is divided by 2198?
2155
Calculate the remainder when 388936 is divided by 38888.
56
Calculate the remainder when 12494253 is divided by 1561778.
29
What is the remainder when 1192419 is divided by 177?
147
What is the remainder when 4376859 is divided by 126?
123
Calculate the remainder when 63705667 is divided by 1249130.
37
Calculate the remainder when 34092794 is divided by 3409270.
94
What is the remainder when 81731 is divided by 3297?
2603
Calculate the remainder when 703062 is divided by 9686.
5670
What is the remainder when 2138761 is divided by 534657?
133
Calculate the remainder when 3847756 is divided by 43232.
108
What is the remainder when 561429 is divided by 86?
21
Calculate the remainder when 247480589 is divided by 44.
37
What is the remainder when 185672092 is divided by 1181?
1177
What is the remainder when 543723 is divided by 38826?
159
Calculate the remainder when 159923 is divided by 53230.
233
What is the remainder when 479872 is divided by 53?
10
Calculate the remainder when 669121 is divided by 44600.
121
What is the remainder when 2200653 is divided by 18187?
26
Calculate the remainder when 6821623 is divided by 293.
290
Calculate the remainder when 781813 is divided by 1608.
325
Calculate the remainder when 62443079 is divided by 25.
4
What is the remainder when 58546832 is divided by 1379?
8
Calculate the remainder when 207922 is divided by 51439.
2166
Calculate the remainder when 27151 is divided by 41.
9
What is the remainder when 18477 is divided by 8886?
705
Calculate the remainder when 49161727 is divided by 573.
46
What is the remainder when 290640 is divided by 534?
144
Calculate the remainder when 3410111 is divided by 96.
95
Calculate the remainder when 33290843 is divided by 216.
59
Calculate the remainder when 255858 is divided by 720.
258
Calculate the remainder when 939002 is divided by 11044.
262
What is the remainder when 198119630 is divided by 437?
436
What is the remainder when 545218 is divided by 18797?
105
Calculate the remainder when 477967 is divided by 488.
215
What is the remainder when 24590657 is divided by 4918123?
42
What is the remainder when 14028725 is divided by 2453?
18
What is the remainder when 727378 is divided by 838?
832
Calculate the remainder when 164412255 is divided by 466.
465
What is the remainder when 476490 is divided by 95278?
100
What is the remainder when 311255 is divided by 137?
128
Calculate the remainder when 229864674 is divided by 2865.
2859
What is the remainder when 115163 is divided by 114887?
276
Calculate the remainder when 6247532 is divided by 2082427.
251
Calculate the remainder when 20735566 is divided by 198.
16
What is the remainder when 32384893 is divided by 14?
9
Calculate the remainder when 6470685 is divided by 1294135.
10
What is the remainder when 15184634 is divided by 1071?
1067
Calculate the remainder when 372588 is divided by 281.
263
Calculate the remainder when 76460 is divided by 37618.
1224
What is the remainder when 47846 is divided by 11?
7
Calculate the remainder when 66277 is divided by 21799.
880
What is the remainder when 27840 is divided by 1571?
1133
What is the remainder when 589748 is divided by 143?
16
Calculate the remainder when 9456701 is divided by 1633.
1631
What is the remainder when 287258 is divided by 31856?
554
What is the remainder when 14562700 is divided by 1862?
1860
What is the remainder when 579176 is divided by 57916?
16
What is the remainder when 309681 is divided by 2181?
2160
Calculate the remainder when 502790 is divided by 161.
148
Calculate the remainder when 32462 is divided by 1042.
160
Calculate the remainder when 14885288 is divided by 2228.
20
Calculate the remainder when 210791 is divided by 2342.
11
Calculate the remainder when 393996 is divided by 79.
23
What is the remainder when 522947 is divided by 261167?
613
What is the remainder when 653888 is divided by 2803?
789
What is the remainder when 3315525 is divided by 70?
45
What is the remainder when 38750198 is divided by 200?
198
Calculate the remainder when 39880 is divided by 3693.
2950
Calculate the remainder when 24139 is divided by 141.
28
What is the remainder when 161373187 is divided by 1322731?
5
What is the remainder when 4007088 is divided by 662?
2
Calculate the remainder when 371183 is divided by 1131.
215
Calculate the remainder when 67244577 is divided by 31.
28
Calculate the remainder when 11602415 is divided by 1176.
1175
What is the remainder when 23637980 is divided by 2626438?
38
What is the remainder when 547703 is divided by 1646?
1231
What is the remainder when 16658078 is divided by 16658078?
0
Calculate the remainder when 19517 is divided by 8451.
2615
What is the remainder when 706134 is divided by 3166?
116
What is the remainder when 844081 is divided by 103?
99
What is the remainder when 4094949 is divided by 19593?
12
What is the remainder when 53553403 is divided by 82?
23
What is the remainder when 14297402 is divided by 138?
50
Calculate the remainder when 6888688 is divided by 3.
1
Calculate the remainder when 13813 is divided by 765.
43
Calculate the remainder when 725287 is divided by 290.
287
Calculate the remainder when 269116 is divided by 1175.
41
What is the remainder when 87598 is divided by 87415?
183
What is the remainder when 123315 is divided by 61651?
13
What is the remainder when 120806 is divided